{"id":1798,"date":"2017-07-02T13:57:01","date_gmt":"2017-07-02T13:57:01","guid":{"rendered":"https:\/\/sepnwg.ro\/2017\/?page_id=1798"},"modified":"2017-11-01T20:00:31","modified_gmt":"2017-11-01T20:00:31","slug":"abstracts","status":"publish","type":"page","link":"https:\/\/sepnwg.ro\/2017\/abstracts\/","title":{"rendered":"Abstracts"},"content":{"rendered":"<p>[vc_row el_class=&#8221;no-padding&#8221;][vc_column][vc_message]<\/p>\n<p style=\"font-size: 25px; font-weight: bold; color: red;\">Abstracts submissions are closed!<\/p>\n<p>[\/vc_message][\/vc_column][\/vc_row][vc_row][vc_column]\n\t\t\t\t\t<div class=\"jx-ievent-title-3 jx-ievent-dark\">\n\t\t\t\t\t\t<div class=\"jx-ievent-title jx-ievent-uppercase\">ACCEPTED ABSTRACTS:<span> <\/span><\/div>\n\t\t\t\t\t\t<div class=\"jx-ievent-hr-title\"><\/div>\n\t\t\t\t   <\/div>\n\t\t\t\t[vc_column_text]<strong>P 01. <\/strong><strong>ROMANIAN OUTBREAK OF E.COLI O:26 HEMOLYTIC UREMIC SYNDROME<\/strong><\/p>\n<p>Authors : Mihaela Balgradean,\u00a0 Anca Croitoru<\/p>\n<p>&nbsp;<\/p>\n<p><strong>P 02. <\/strong><strong>MYH9-RELATED DISEASE AS A MULTIDISCIPLINARY PROBLEM<\/strong><\/p>\n<p>Authors: Aksenova Marina, Suntsova Elena, Kalinina Anna, Arseneva Anna, Playsunova Svetlana, Raikina Tatiana, Machan Michail, Novichkova Galina<\/p>\n<p><strong>\u00a0<\/strong><\/p>\n<p><strong>P 03. <\/strong><strong>ASPERGILLUS PERITONITIS IN PERITONEAL DIALYSIS PATIENTS: A CRITICAL REVIEW<\/strong><\/p>\n<p>Authors: Koukloumperi Eirini, Dotis John, PrintzaNikoleta, Stabouli Stella, KaravaVasiliki, GkogkaChrysa, PapachristouFotios<\/p>\n<p><strong>\u00a0<\/strong><\/p>\n<p><strong>P 04. <\/strong><strong>WHAT MIGHT BE THE DIAGNOSIS IN A PATIENT WITH SEIZURES, DEVELOPMENTAL DELAY, METABOLIC ALKALOSIS AND HYPOKALEMIA?<\/strong><\/p>\n<p>Authors: Evangelia Gole, Varvara Askiti, Argyroula Zampetoglou, Constantinos J. Stefanidis<\/p>\n<p><strong>\u00a0<\/strong><\/p>\n<p><strong>P 05. <\/strong><strong>NO RELATIONSHIP BETWEEN GLUTATHIONE-S-TRANSFERASE T1 AND M1 AND NEPHROTIC SYNDROME IN A ROMANIAN POPULATION<\/strong><\/p>\n<p>Authors: Carmen Duicu, Florin Tripon, AlinaBoglis, Andrei Crauciuc, Cornel Aldea, Dan Delean, Claudia Banescu<\/p>\n<p><strong>\u00a0<\/strong><\/p>\n<p><strong>P 06. <\/strong><strong>NO ASSOCIATION BETWEEN GLUTATHIONE PEROXIDASE 1 GENE POLYMORPHISM AND YOUNG NEPHROTIC SINDROME PATIENTS<\/strong><\/p>\n<p>Authors: Tripon Florin, Crauciuc George Andrei, Aldea Cornel, B\u0103nescu Claudia, Duicu Carmen<\/p>\n<p>&nbsp;<\/p>\n<p><strong>P 07. <\/strong><strong>DIAGNOSTIC CHALLENGES OF CONGENITAL ANOMALIES OF THE GENITOURINARY TRACT <\/strong><\/p>\n<p>Authors: Teofana Bizerea, Ramona Stroescu, Otilia Marginean, Vlad David, Simona Cerbu, Adrian Craciun, Gafencu Mihai<\/p>\n<p>&nbsp;<\/p>\n<p><strong>P 08. <\/strong><strong>DIAGNOSIS AND EVOLUTION OF A ROMANIAN GIRL WITH CYSTINOSIS<\/strong><\/p>\n<p>Authors: Cecilia Lazea, Alexandra Popa, Rodica Manasia, Lucia Sur, Carmen Asavoaie, Marianne Grueneberg, Barbara Kutryb-Zajac<\/p>\n<p>&nbsp;<\/p>\n<p><strong>P 09. <\/strong><strong>PREDICTED INDIRECTLY RECOGNIZABLE HLA EPITOPES CLASS II SCORE IN PEDIATRIC KIDNEY TRANSPLANTATION \u2013 EXPERIENCE OF A SINGLE CENTER <\/strong><\/p>\n<p>Authors: AndreeaLiana R\u00e3chi\u015fan, Valerie Dubois,Bruno Ranchin, Anne-Laure Leclerc Sellier,AureliaBertholet Thomas, Pierre Cochat, Justine Bacchetta<\/p>\n<p>&nbsp;<\/p>\n<p><strong>P 10. <\/strong><strong>AUTOSOMAL DOMINANT MULTICYSTIC DYSPLASTIC KIDNEY PHENOTYPE \u2013 NO GENOTYPE IDENTIFIED (YET)<\/strong><\/p>\n<p>Authors: Jurca-Simina Iulia-Elena, Chirita-Emandi Adela, Nicoleta Andreescu, Olariu Nicu, Isac Raluca, Jurca-Simina Florin-Ioan, Gafencu Mihai, Puiu Maria<\/p>\n<p>&nbsp;<\/p>\n<p><strong>P 11. <\/strong><strong>NEPHROGENIC DIABETES INSIPIDUS \u2013AFFECTING THREE MALES IN TWO GENERATIONS<\/strong><\/p>\n<p>Authors: Ramona Stroescu, Mihai Gafencu, Adela Chiri\u0163\u0103, RalucaIsac, FlaviaFarkas,Gabriela Doro\u015f<\/p>\n<p>&nbsp;<\/p>\n<p><strong>P 12. <\/strong><strong>TREATMENT FOR INDUCTION OF REMISSION IN LUPUS, WHAT TO CHOOSE?<\/strong><\/p>\n<p>Authors: Adrian Lungu,Andrei Capitanescu, Camelia Pantoc, Cristina Stoica<\/p>\n<p>&nbsp;<\/p>\n<p><strong>P 13. <\/strong><strong>HEPATIC MANIFESTATIONS AT THE ONSET OF SYSTEMIC LUPUS ERYTHEMATOSUS: CASE REPORT<\/strong><\/p>\n<p>Authors: Anca-Elena Marin, Adrian Lungu, Diana Baducu, Iulia Constantinescu, Ileana Negru, Camelia Pantoc, Andrei Capitanescu, Cristina Stoica<\/p>\n<p>&nbsp;<\/p>\n<p><strong>P 14. <\/strong><strong>ROMANIAN CHILDREN KIDNEY REGISTRY &#8211; NATIONAL DATA REPORT<\/strong><\/p>\n<p>Authors: Iulia Constantinescu, Adrian Lungu, Anca Marin, Alexandra Niculae, Andrei Capitanescu, Ileana Negru, Raluca Slabu, Cristina Stoica<\/p>\n<p>&nbsp;<\/p>\n<p><strong>P 15. COMPLEMENT FACTOR H MUTATION ATYPICAL HEMOLYTIC UREMIC SYNDROME \u2013 10 MONTHS ON DIALYSIS WITH PARTIAL RECOVERY OF THE RENAL FUNCTION AFTER ECULIZUMAB THERAPY \u2013 CASE REPORT<\/strong><\/p>\n<p>Authors: Alexandra Niculae, Adrian Lungu, DorinaTacu, Andrei Capitanescu, Cristina Stoica, Zoltan Prohaszka[\/vc_column_text][\/vc_column][\/vc_row][vc_row el_class=&#8221;jx-ievent-padding no-top-padding&#8221;][vc_column]\n\t\t\t\t\t<div class=\"jx-ievent-title-3 jx-ievent-dark\">\n\t\t\t\t\t\t<div class=\"jx-ievent-title jx-ievent-uppercase\">INFO for the authors:<span> <\/span><\/div>\n\t\t\t\t\t\t<div class=\"jx-ievent-hr-title\"><\/div>\n\t\t\t\t   <\/div>\n\t\t\t\t[vc_column_text]The Posters should be printed on paper, in A0 format (840 mm width x 1190 mm height &#8211; Portrait)<br \/>\nThe Poster viewing session will be held on Friday, 17th November between 13:00 &#8211; 14:30.<br \/>\nWe kindly ask the presenting author to be near\u00a0 the poster to explain the research results to the Scientific Committee and other interested participants.<\/p>\n<p>&nbsp;<\/p>\n<p>&nbsp;<\/p>\n<p>&nbsp;<\/p>\n<p>&nbsp;<\/p>\n<p>[\/vc_column_text]\n\t\t\t\t\t<div class=\"jx-ievent-title-3 jx-ievent-dark\">\n\t\t\t\t\t\t<div class=\"jx-ievent-title jx-ievent-uppercase\">Call for abstracts<span> <\/span><\/div>\n\t\t\t\t\t\t<div class=\"jx-ievent-hr-title\"><\/div>\n\t\t\t\t   <\/div>\n\t\t\t\t[vc_column_text]The Scientific Committee invites authors to submit their abstracts for consideration and inclusion in the program. All accepted abstracts accepted as Poster presentations require that at least one author attend the congress to present the work and answer questions. Only abstracts of registered participants will be scheduled in the Scientific Program.[\/vc_column_text]\n\t\t\t\t\t<div class=\"jx-ievent-title-3 jx-ievent-dark\">\n\t\t\t\t\t\t<div class=\"jx-ievent-title jx-ievent-uppercase\">Rules for submission<span> <\/span><\/div>\n\t\t\t\t\t\t<div class=\"jx-ievent-hr-title\"><\/div>\n\t\t\t\t   <\/div>\n\t\t\t\t[vc_column_text]Abstracts submitted to SEPNWG meetings should focus on scientific findings and must not promote products or companies. Any financial support by commercial companies and any ties to commercial companies such as employment and honoraria must be transparently disclosed. The use of brand names of commercial products should be avoided, unless the disclosure of brand names is necessary for the understanding of the abstract in which case the brand name should not be used more than once[\/vc_column_text]\n\t\t\t\t\t<div class=\"jx-ievent-title-3 jx-ievent-dark\">\n\t\t\t\t\t\t<div class=\"jx-ievent-title jx-ievent-uppercase\">Licence to publish<span> <\/span><\/div>\n\t\t\t\t\t\t<div class=\"jx-ievent-hr-title\"><\/div>\n\t\t\t\t   <\/div>\n\t\t\t\t[vc_column_text]<\/p>\n<p style=\"margin: 0in; margin-bottom: .0001pt;\">Authors of all abstracts are required to grant an exclusive license to publish their work in the official abstract book of the meeting.<\/p>\n<p>[\/vc_column_text]\n\t\t\t\t\t<div class=\"jx-ievent-title-3 jx-ievent-dark\">\n\t\t\t\t\t\t<div class=\"jx-ievent-title jx-ievent-uppercase\">Abstract submission<span> <\/span><\/div>\n\t\t\t\t\t\t<div class=\"jx-ievent-hr-title\"><\/div>\n\t\t\t\t   <\/div>\n\t\t\t\t[vc_column_text]The abstract should be submitted in English, latest by October 15th 2017<br \/>\nAll abstracts will be published in the Abstracts -book, exactly in the form the authors submitted. All authors are kindly requested to follow the guidelines while submitting the abstract.<br \/>\nThe abstracts will be reviewed by the Scientific Committee.<br \/>\nThe Presenting Author of each abstract accepted for publication will be notified by 31 October, 2017. If the Presenting Author is unable to present the abstract, another co-author can take his\/her place<br \/>\nAbstract language: English<br \/>\nAbstracts must be received by the announced deadline. Abstracts received after the deadline will not be considered.[\/vc_column_text]\n\t\t\t\t\t<div class=\"jx-ievent-title-3 jx-ievent-dark\">\n\t\t\t\t\t\t<div class=\"jx-ievent-title jx-ievent-uppercase\">Abstract format<span> <\/span><\/div>\n\t\t\t\t\t\t<div class=\"jx-ievent-hr-title\"><\/div>\n\t\t\t\t   <\/div>\n\t\t\t\t[vc_column_text]<strong>Abstract title: <\/strong>UPPER CASE max 200 characters<br \/>\n<strong>Abstract thematic category:<\/strong> Please select the theme related to your abstract :<\/p>\n<ul>\n<li style=\"list-style-type: none;\">\n<ul>\n<li>Nephrotic Syndrome<\/li>\n<li>Systemic Lupus Erythematosus<\/li>\n<li>Henoch\u2013Sch\u00f6nlein purpura nephritis<\/li>\n<li>IgA Nephropathy<\/li>\n<li>Arterial Hypertension<\/li>\n<li>Thrombotic Microangiopathy<\/li>\n<li>Renal Malformations<\/li>\n<li>Nephrocalcinosis<\/li>\n<li>Nephrolithiasis<\/li>\n<li>Rare renal disorders<\/li>\n<li>Mitochondrial cytopathies<\/li>\n<li>Renal Tubular Disorders<\/li>\n<li>Acute Kidney Injury<\/li>\n<li>Anaemia,Bone disease, Nutrition<\/li>\n<li>Transition to adult<\/li>\n<li>Renal Replacement theraphy<\/li>\n<li>Nutrition in Kidney Disease<\/li>\n<li>Renal transplantation<\/li>\n<li>Genetic diseases and molecular genetics<\/li>\n<li>Renal pathology<\/li>\n<\/ul>\n<\/li>\n<\/ul>\n<p><strong>Author names:<\/strong> Please enter full author names. The presenting author\u2019s name should be underlined.<br \/>\n<strong>Affiliation details of all authors:<\/strong> Affiliation details should be in the following format:<br \/>\n<em>Department; Institution \/ Hospital; City; Country.<\/em><\/p>\n<p><strong>Abstract text\/length<\/strong> should be <strong>limited to 3000 characters<\/strong> (spaces included). Two figures (charts) can be included \u00a0in the abstract body.<strong>Abstract structure: <\/strong>Abstracts must use the following structured format:<\/p>\n<ul>\n<li style=\"list-style-type: none;\">\n<ul>\n<li style=\"list-style-type: none;\">\n<ul>\n<li>Background and aims<\/li>\n<li>Methods<\/li>\n<li>Results<\/li>\n<li>Conclusions<\/li>\n<\/ul>\n<\/li>\n<\/ul>\n<\/li>\n<\/ul>\n<p>[\/vc_column_text]\n\t\t\t\t\t<div class=\"jx-ievent-title-3 jx-ievent-dark\">\n\t\t\t\t\t\t<div class=\"jx-ievent-title jx-ievent-uppercase\">Publication Policy<span> <\/span><\/div>\n\t\t\t\t\t\t<div class=\"jx-ievent-hr-title\"><\/div>\n\t\t\t\t   <\/div>\n\t\t\t\t[vc_column_text]All abstracts accepted for presentation will be published in the official abstract book of the meeting.[\/vc_column_text][\/vc_column][\/vc_row]<\/p>\n","protected":false},"excerpt":{"rendered":"<p>[vc_row el_class=&#8221;no-padding&#8221;][vc_column][vc_message] Abstracts submissions are closed! [\/vc_message][\/vc_column][\/vc_row][vc_row][vc_column][vc_column_text]P 01. ROMANIAN OUTBREAK OF E.COLI O:26 HEMOLYTIC UREMIC SYNDROME Authors : Mihaela Balgradean,\u00a0 Anca Croitoru &nbsp; P 02. MYH9-RELATED DISEASE AS A MULTIDISCIPLINARY PROBLEM Authors: Aksenova Marina, Suntsova Elena, Kalinina Anna, Arseneva Anna, Playsunova Svetlana, Raikina Tatiana, Machan Michail, Novichkova Galina \u00a0 P 03. ASPERGILLUS PERITONITIS IN PERITONEAL [&hellip;]<\/p>\n","protected":false},"author":1,"featured_media":0,"parent":0,"menu_order":0,"comment_status":"closed","ping_status":"closed","template":"","meta":{"footnotes":""},"_links":{"self":[{"href":"https:\/\/sepnwg.ro\/2017\/wp-json\/wp\/v2\/pages\/1798"}],"collection":[{"href":"https:\/\/sepnwg.ro\/2017\/wp-json\/wp\/v2\/pages"}],"about":[{"href":"https:\/\/sepnwg.ro\/2017\/wp-json\/wp\/v2\/types\/page"}],"author":[{"embeddable":true,"href":"https:\/\/sepnwg.ro\/2017\/wp-json\/wp\/v2\/users\/1"}],"replies":[{"embeddable":true,"href":"https:\/\/sepnwg.ro\/2017\/wp-json\/wp\/v2\/comments?post=1798"}],"version-history":[{"count":27,"href":"https:\/\/sepnwg.ro\/2017\/wp-json\/wp\/v2\/pages\/1798\/revisions"}],"predecessor-version":[{"id":2526,"href":"https:\/\/sepnwg.ro\/2017\/wp-json\/wp\/v2\/pages\/1798\/revisions\/2526"}],"wp:attachment":[{"href":"https:\/\/sepnwg.ro\/2017\/wp-json\/wp\/v2\/media?parent=1798"}],"curies":[{"name":"wp","href":"https:\/\/api.w.org\/{rel}","templated":true}]}}